3*n**3 - 2*n**2 - n. Let i be a(-3). Suppose 0 = -w + 4*w - i. What is the highest common divisor of w and y?
14
Let v(x) be the third derivative of x**4/24 + 23*x**3/6 + 20*x**2. Let p be v(-14). Let z be (-1 - 1) + p - 0. What is the greatest common factor of 14 and z?
7
Suppose 5*q = 16*a - 15*a + 83, 2*q - 47 = 5*a. Let c = 2 - -2. Suppose -c*j = -42 - 662. Calculate the greatest common divisor of j and q.
16
Let n = -6284 - -6396. What is the highest common divisor of n and 560?
112
Let z be 4 + (-12 - -2) + 12. Let q(g) = g**3 - 7*g**2 + 11*g - 16. Let f be q(z). Calculate the highest common factor of 518 and f.
14
Let y(v) = 2*v**3 - v + 0*v**2 + 44 + v**2 + 2*v. Let c be y(0). Calculate the greatest common factor of 484 and c.
44
Suppose -5142 = -5*p - 2*l, -3*p - 11*l + 3108 = -6*l. What is the highest common divisor of 1197 and p?
171
Suppose -15 = 3*g - 2*g. Let o be (3*3/3)/((-240)/160). Let k be ((-56)/12 - o)/(1/g). What is the greatest common factor of k and 5?
5
Let f(d) be the third derivative of -d**5/60 - 7*d**4/8 + 14*d**3/3 - 88*d**2. Let h be f(-17). Calculate the greatest common divisor of h and 12.
12
Let d(m) = 4*m**2 + 402*m + 1628. Let i be d(-116). What is the highest common divisor of i and 270?
90
Let r = 44 + 58. Let n = 22756 + -22688. What is the greatest common factor of r and n?
34
Let w(g) = g**2 + 4*g - 12. Let h be w(-6). Suppose 5*b - 4*l - 1116 = h, b + 2*l - 3*l = 223. What is the highest common factor of 28 and b?
28
Let j be 225/30*(-336)/(-40). Calculate the greatest common factor of 1218 and j.
21
Let f = 39 - 32. Suppose -4*g = m - 6*g + f, 0 = -4*m - 4*g + 32. Suppose -5*h + 3*x = -111, 3*h + 39 = 5*h - m*x. What is the highest common factor of h and 6?
6
Suppose -18*l + 15*l = -b + 36, 5*b - 4*l = 169. Let r be 2670/b - (40/44 - 1). What is the highest common factor of r and 9?
9
Let b(t) be the third derivative of t**5/60 + 5*t**4/12 + 12*t**3 - 35*t**2 + 1. Let i be b(0). What is the greatest common divisor of 576 and i?
72
Suppose -88*w = -21*w - 139695. Calculate the highest common divisor of w and 30.
15
Suppose 3*d - 223*m = -222*m + 1400, d = 3*m + 456. What is the highest common factor of d and 180?
36
Let p be (-42 - -3) + 8 + -7. Let u = p - -71. Calculate the highest common factor of u and 132.
33
Let z be (-8 - -5)/(15/(-20)). Suppose -z*s = -s - 456. Calculate the highest common divisor of s and 16.
8
Let c(f) = f**2 + 60*f - 378. Let r be c(-66). What is the highest common divisor of r and 158?
2
Suppose 123 = 70*d - 87. What is the highest common divisor of 1299 and d?
3
Let t(g) = -122*g + 7689. Let w be t(57). Calculate the greatest common factor of 375 and w.
15
Let a(w) = 1873*w**2 + 140*w - 4. Let k be a(-1). Calculate the greatest common divisor of k and 910.
91
Let t(p) = 5*p**2 - 23*p + 12. Let n be t(5). Let o = 68 + n. Calculate the highest common factor of 15 and o.
15
Suppose -8*c + 10 = -3*c. Suppose 6*y - 56 = -c. Let o be (5*y - 3)*6/4. Calculate the greatest common divisor of 9 and o.
9
Suppose 3*y + 5*q - 11746 = y, 4*y - 23474 = -q. What is the greatest common divisor of y and 36?
36
Suppose 3*d + 3*i - 1086 = 0, 0 = 26*d - 27*d - 2*i + 359. What is the highest common factor of 3139 and d?
73
Let c be (-350)/(-4) - (-1)/2. Let k(i) = 403*i - 1480. Let y be k(4). Calculate the greatest common divisor of y and c.
44
Let n be ((-2)/(-3))/((-10)/30). Let o be ((-12)/15)/(n/70). Suppose 5*r - 3*v - 10 = 32, r - 6 = v. What is the greatest common factor of r and o?
4
Let c(f) = 285*f + 11. Let i be c(0). Let s(z) = -z + 7 + 8*z - 6*z. Let w be s(-6). Calculate the greatest common divisor of w and i.
1
Let q = -1494 + 560. Let d = 1780 + q. What is the greatest common factor of d and 18?
18
Suppose -75*j + 7632 = -67*j + 40*j. Calculate the highest common factor of j and 1272.
159
Let f = -164 + 168. Suppose -f*s + 82 = 2. What is the greatest common factor of s and 5?
5
Let d = -9140 + 27872. Calculate the highest common factor of d and 252.
84
Suppose -1248 = -2*p - 228. Let f be 3/(-2) - p/(-20). Let c = f - -14. Calculate the greatest common divisor of c and 266.
38
Suppose -4*z + 4*o + 136 = 0, 4*z + 477*o - 474*o - 164 = 0. Let j(w) = -w. Let k be j(-4). What is the highest common divisor of k and z?
2
Suppose -9*o + 2004 = 5*s - 8006, -6006 = -3*s - 5*o. Calculate the greatest common divisor of s and 1274.
182
Let r be (3581/(-1))/((-21)/(-35)*4/(-24)). What is the highest common divisor of r and 10?
10
Let v = 70 + -117. Let z = 72 + v. Suppose -29*y + 12*y + 2975 = 0. What is the greatest common factor of y and z?
25
Let d be (86 - 83) + (-1 + -448)*1. Let n = d - -458. Calculate the greatest common divisor of n and 1284.
12
Suppose -3*f + 1697 = -x, -160*f + 156*f - 2*x + 2246 = 0. What is the highest common divisor of 1081 and f?
47
Let k(w) = -w**3 + 5*w**2 + 2*w + 6. Let c be k(5). Suppose -1378 = -5*y + 3*s, 115*y = 118*y - 5*s - 846. Calculate the greatest common factor of y and c.
16
Let a = 186 + -134. Let x be (21/(-2) - 2)*676/(-65). What is the highest common factor of a and x?
26
Suppose 112 + 50 + 1098 = 15*q. Let z = -13 + 34. What is the highest common factor of z and q?
21
Let s = -5454 - -8697. Calculate the highest common factor of 414 and s.
69
Suppose 3*q = 4*h - 6*h + 277, -360 = -4*q - 5*h. Suppose -875 = -2*f - q. What is the highest common factor of f and 150?
30
Let l = -12 + 60. Suppose 0 = -187*o + 181*o - 252. Let g = o + l. What is the greatest common divisor of 4 and g?
2
Suppose 4*v - 23 = 4*b + v, 0 = 4*b - v + 13. Suppose 0 = 5*p + 23 + 2. Let c = b - p. What is the highest common factor of c and 12?
3
Let a(f) = -f + 20. Let b be 5/(-1 - 1*(-32)/34). Let c = -78 - b. Let x be a(c). What is the highest common factor of x and 52?
13
Let z(q) = 12 + 328*q - 602*q + 299*q + 2*q**2. Let b be z(9). Calculate the highest common divisor of b and 21.
21
Let u be (-2)/8 + (-6)/8. Let k be (-4)/(-6)*(u - 572). Let p = 612 + k. What is the greatest common factor of 46 and p?
46
Let v be (1 - (-7)/(-9)) + (-196115)/549. Let m = v - -367. What is the greatest common factor of 125 and m?
5
Let d be 10/(-4)*(37/(-5) + 5). Let q(g) = 2*g**3 - 7*g**2 - 7*g + 7. Let f be q(d). Calculate the greatest common divisor of 29 and f.
29
Let p(n) = 9*n + 100. Suppose 2*w + 2 + 8 = 0. Let u be p(w). Calculate the greatest common factor of 33 and u.
11
Let y(a) = a**3 + 54*a**2 - 129*a - 521. Let k be y(-55). Calculate the highest common factor of 105 and k.
21
Let d = -731 - -734. Suppose -o + 252 = -3*t, 0 = 30*o - 25*o - d*t - 1272. What is the highest common factor of 3 and o?
3
Let y be (3585/21 - -3) + 4/14. Let p = 1162 - 1150. What is the greatest common factor of y and p?
6
Let l = -60 + 21. Let p = l + 39. Suppose 5*t + p*q - 107 = -4*q, -5*t + 5*q + 80 = 0. Calculate the greatest common divisor of 171 and t.
19
Let s be (-2)/18 + (-4186)/(-414). Let r = -24 + 49. Suppose -s*u = -r - 25. What is the highest common factor of u and 2?
1
Let v = -3 - -23. Let o(l) = 12*l + 9. Let m be o(-2). Let z = m + v. What is the highest common factor of z and 10?
5
Let g(w) = -w**2 - 22*w - 37. Let l be g(-20). Suppose 0 = -l*h - 3*r - 44 + 203, 5*r = 20. Let d = 23 - 9. What is the greatest common divisor of h and d?
7
Suppose -29 = 6*a - 47. Suppose -h = x + a, x + 30 = -5*h - x. Let p be (-2 - h)*(-15)/(-9). What is the greatest common divisor of p and 2?
2
Let x be (-10072 + (-8)/4)/(1 - (-8 - -11)). What is the highest common divisor of 92 and x?
23
Suppose n = -5*l - 3*n + 1076, -4*l = 3*n - 861. Let p = -18759 + 18786. What is the highest common factor of p and l?
27
Suppose 5*p - 15048 = -4*p. Suppose -g = 3*v - 261, 0 = -20*v + 21*v - g - 91. What is the highest common divisor of v and p?
88
Let o(t) = 2*t - 5*t + 29*t + 11 - t**3 + 10*t**2 - t**2. Let d be o(11). Let f(z) = -2*z - 7. Let b be f(-6). Calculate the greatest common factor of b and d.
5
Let g = 4611 - 3246. What is the greatest common factor of g and 70?
35
Suppose 0*i + 40 = 2*i. Suppose -5*r = -3*l + 90, 3*l - 4*r = -2*l + 150. Calculate the highest common divisor of i and l.
10
Let y = 474 - 318. Suppose -s + 0*d - d - 78 = 0, -2*s + d - y = 0. Let k be -1 + 71/6 + (-13)/s. Calcul